f 857076008?
2, 59, 1815839
List the prime factors of 116922328.
2, 17, 31, 27733
List the prime factors of 594890357.
594890357
What are the prime factors of 3284582498?
2, 47, 173, 201979
List the prime factors of 149185583.
149185583
List the prime factors of 214512150.
2, 3, 5, 181, 7901
List the prime factors of 3617034288.
2, 3, 7, 10764983
List the prime factors of 1439195400.
2, 3, 5, 799553
List the prime factors of 159805265.
5, 23, 523, 2657
List the prime factors of 367203393.
3, 3767, 10831
What are the prime factors of 1426318922?
2, 7, 101879923
List the prime factors of 4128853158.
2, 3, 59, 67, 58027
List the prime factors of 59895785.
5, 37, 569
List the prime factors of 50688464.
2, 41, 77269
What are the prime factors of 18191976?
2, 3, 11, 68909
List the prime factors of 387601117.
4007, 96731
List the prime factors of 74929858.
2, 1627, 23027
List the prime factors of 5585616.
2, 3, 79, 491
What are the prime factors of 253923061?
7, 137, 264779
What are the prime factors of 2338184112?
2, 3, 11, 4428379
What are the prime factors of 26813882?
2, 13406941
List the prime factors of 715515871.
7, 521, 196193
What are the prime factors of 460280622?
2, 3, 31, 73, 109, 311
What are the prime factors of 81181172?
2, 89, 163, 1399
What are the prime factors of 87331118?
2, 7, 6237937
What are the prime factors of 1062263562?
2, 3, 29, 37, 164999
What are the prime factors of 6198188?
2, 1549547
What are the prime factors of 775138327?
775138327
What are the prime factors of 200034924?
2, 3, 29, 574813
What are the prime factors of 476200449?
3, 52911161
What are the prime factors of 3402580172?
2, 6701, 126943
What are the prime factors of 58316669?
293, 199033
List the prime factors of 49285166.
2, 7, 307, 11467
What are the prime factors of 204264317?
204264317
What are the prime factors of 62703621?
3, 241, 28909
List the prime factors of 347382471.
3, 17, 67, 101663
List the prime factors of 14293460.
2, 5, 714673
What are the prime factors of 675522897?
3, 7, 17, 29, 71, 919
What are the prime factors of 362441?
293, 1237
What are the prime factors of 252708760?
2, 5, 6317719
What are the prime factors of 1568946459?
3, 3557, 147029
What are the prime factors of 556282471?
3361, 165511
What are the prime factors of 2541713643?
3, 7, 1321, 4363
List the prime factors of 104430153.
3, 67, 519553
List the prime factors of 1485497113.
23, 761, 84871
List the prime factors of 1131645.
3, 5, 37, 2039
List the prime factors of 70978495.
5, 7, 421, 4817
List the prime factors of 13681453.
37, 197, 1877
What are the prime factors of 26984697?
3, 8994899
List the prime factors of 1576308158.
2, 788154079
What are the prime factors of 165402135?
3, 5, 53, 23117
List the prime factors of 227853604.
2, 11, 1913, 2707
List the prime factors of 428854074.
2, 3, 11, 107, 60727
What are the prime factors of 28926906?
2, 3, 31, 155521
What are the prime factors of 51411702?
2, 3, 31, 47, 5881
List the prime factors of 431234455.
5, 2281, 37811
What are the prime factors of 7713967?
7713967
List the prime factors of 238664420.
2, 5, 1381, 8641
List the prime factors of 203335862.
2, 97, 1048123
List the prime factors of 151043895.
3, 5, 17, 347, 569
List the prime factors of 434235266.
2, 217117633
What are the prime factors of 7220190330?
2, 3, 5, 151, 531287
What are the prime factors of 199563493?
17, 2437, 4817
What are the prime factors of 379001046?
2, 3, 63166841
List the prime factors of 65512735.
5, 977, 13411
What are the prime factors of 45586366?
2, 7, 465167
What are the prime factors of 18214041?
3, 157, 38671
What are the prime factors of 3793729562?
2, 7, 601, 450883
List the prime factors of 479135848.
2, 719, 83299
What are the prime factors of 448799542?
2, 223, 359, 2803
What are the prime factors of 234729928?
2, 113, 259657
What are the prime factors of 4819617586?
2, 7, 101, 269, 12671
What are the prime factors of 879173427?
3, 11, 347, 76777
What are the prime factors of 1420511561?
7, 79, 223, 11519
What are the prime factors of 2388132321?
3, 59, 13492273
What are the prime factors of 34795605?
3, 5, 13, 178439
List the prime factors of 2619173847.
3, 873057949
List the prime factors of 826998919.
43, 163, 117991
List the prime factors of 279950113.
479, 584447
What are the prime factors of 42148837?
3257, 12941
List the prime factors of 266830255.
5, 41, 103, 12637
List the prime factors of 2585702928.
2, 3, 137, 393203
What are the prime factors of 148844283?
3, 7, 571, 12413
What are the prime factors of 11578796?
2, 499, 5801
What are the prime factors of 36457302?
2, 3, 7, 31, 28001
List the prime factors of 669091791.
3, 4909, 45433
What are the prime factors of 30211199?
709, 42611
List the prime factors of 500852727.
3, 47, 131561
List the prime factors of 8164493.
647, 12619
List the prime factors of 31591435.
5, 6318287
What are the prime factors of 226191771?
3, 13, 214807
What are the prime factors of 887486173?
7, 17, 7457867
What are the prime factors of 3153230886?
2, 3, 13, 40426037
List the prime factors of 109004330.
2, 5, 19, 29, 73, 271
List the prime factors of 673268895.
3, 5, 13, 19, 61, 331
What are the prime factors of 32367773?
19, 101, 167
List the prime factors of 471457006.
2, 235728503
What are the prime factors of 66728992?
2, 11, 293, 647
What are the prime factors of 183755600?
2, 5, 7, 29, 31, 73
What are the prime factors of 68159828?
2, 11, 1549087
List the prime factors of 74362640.
2, 5, 11, 84503
List the prime factors of 14958980.
2, 5, 17, 43997
List the prime factors of 645293106.
2, 3, 17, 23, 277, 331
What are the prime factors of 1695627380?
2, 5, 84781369
List the prime factors of 2315845.
5, 7, 127, 521
List the prime factors of 118092149.
7, 17, 992371
List the prime factors of 3510030684.
2, 3, 191, 317, 4831
List the prime factors of 110741860.
2, 5, 5537093
What are the prime factors of 1020162?
2, 3, 11, 13, 29, 41
What are the prime factors of 369111589?
7, 11, 173, 229
List the prime factors of 1597341232.
2, 641, 155747
List the prime factors of 1977602737.
11, 61, 83, 35509
What are the prime factors of 152592084?
2, 3, 29, 146161
What are the prime factors of 1910691867?
3, 7, 79, 1151713
List the prime factors of 2487180518.
2, 59, 73, 173, 1669
List the prime factors of 3200965128.
2, 3, 1063, 1549
List the prime factors of 190464185.
5, 1931, 19727
What are the prime factors of 7775078?
2, 113, 34403
List the prime factors of 170617314.
2, 3, 7, 580331
List the prime factors of 290261355.
3, 5, 1249, 15493
List the prime factors of 362501864.
2, 193, 234781
List the prime factors of 3559751198.
2, 7127, 249737
What are the prime factors of 241357104?
2, 3, 701, 797
List the prime factors of 1330852067.
61, 2791, 7817
What are the prime factors of 268655386?
2, 17, 107, 73847
What are the prime factors of 252933682?
2, 126466841
List the prime factors of 5736065925.
3, 5, 76480879
List the prime factors of 84546469.
7, 41, 59, 4993
What are the prime factors of 285052836?
2, 3, 59, 457, 881
List the prime factors of 562048731.
3, 62449859
List the prime factors of 12572025.
3, 5, 167627
What are the prime factors of 3015079604?
2, 753769901
What are the prime factors of 146723821?
17, 8630813
List the prime factors of 47238102.
2, 3, 47, 55837
What are the prime factors of 869032666?
2, 43, 149, 67819
What are the prime factors of 1049932505?
5, 43, 757, 6451
List the prime factors of 51865256.
2, 1913, 3389
What are the prime factors of 6624349543?
7, 397, 503, 677
List the prime factors of 32751053.
83, 197, 2003
List the prime factors of 2055053930.
2, 5, 205505393
List the prime factors of 62564958.
2, 3, 331, 10501
What are the prime factors of 5412285?
3, 5, 47, 853
List the prime factors of 132506768.
2, 37, 223829
What are the prime factors of 69643039?
69643039
What are the prime factors of 269877271?
8093, 33347
List the prime factors of 22241329.
11, 37, 54647
List the prime factors of 187544614.
2, 93772307
What are the prime factors of 352817931?
3, 509, 231053
List the prime factors of 20709738.
2, 3, 7, 164363
List the prime factors of 82514683.
223, 370021
List the prime factors of 2092375445.
5, 109, 3839221
List the prime factors of 2